r of 4 and 64.
4
Calculate the highest common divisor of 30 and 430.
10
What is the highest common divisor of 14 and 2114?
14
Calculate the highest common factor of 60 and 132.
12
Calculate the highest common factor of 187 and 11033.
187
Calculate the highest common divisor of 142750 and 25.
25
Calculate the highest common divisor of 1653 and 435.
87
Calculate the greatest common divisor of 143 and 99.
11
Calculate the highest common factor of 5 and 167.
1
What is the greatest common divisor of 2959 and 11?
11
Calculate the greatest common divisor of 14 and 238.
14
What is the highest common divisor of 132 and 33?
33
What is the greatest common factor of 2183 and 2701?
37
Calculate the greatest common factor of 3995 and 170.
85
What is the highest common divisor of 427 and 61?
61
Calculate the highest common factor of 171 and 12407.
19
What is the greatest common factor of 84 and 42?
42
What is the greatest common factor of 12 and 476?
4
Calculate the highest common divisor of 77 and 1057.
7
What is the highest common factor of 18 and 1062?
18
What is the highest common divisor of 72 and 972?
36
Calculate the greatest common divisor of 236 and 4.
4
Calculate the greatest common divisor of 130 and 5210.
10
What is the greatest common factor of 360 and 200?
40
Calculate the greatest common divisor of 100 and 175.
25
What is the highest common divisor of 204 and 46716?
204
Calculate the greatest common factor of 2672 and 4175.
167
Calculate the highest common divisor of 2784 and 288.
96
What is the greatest common divisor of 437 and 1357?
23
Calculate the greatest common factor of 58 and 5597.
29
What is the greatest common divisor of 124 and 11563?
31
Calculate the highest common divisor of 763 and 327.
109
What is the greatest common divisor of 94 and 2162?
94
Calculate the highest common factor of 286 and 352.
22
What is the highest common factor of 6 and 558?
6
What is the highest common factor of 27 and 1962?
9
Calculate the greatest common factor of 166 and 2.
2
What is the greatest common factor of 91 and 663?
13
What is the highest common factor of 40 and 440?
40
Calculate the highest common factor of 190 and 76.
38
What is the highest common factor of 97 and 291?
97
Calculate the greatest common factor of 1308 and 732.
12
What is the highest common factor of 66 and 737?
11
Calculate the highest common factor of 15660 and 270.
270
Calculate the greatest common factor of 6320 and 640.
80
What is the highest common factor of 720 and 288?
144
Calculate the greatest common divisor of 248 and 5921.
31
What is the greatest common factor of 1647 and 27?
27
Calculate the highest common divisor of 11 and 891.
11
Calculate the greatest common divisor of 8 and 788.
4
Calculate the highest common factor of 22 and 99.
11
Calculate the greatest common factor of 486 and 2754.
162
What is the greatest common factor of 3438 and 18?
18
What is the highest common factor of 64 and 88?
8
What is the highest common factor of 275 and 75?
25
What is the greatest common divisor of 38 and 3914?
38
Calculate the greatest common divisor of 190 and 2375.
95
What is the greatest common divisor of 26 and 208?
26
What is the highest common factor of 3901 and 83?
83
Calculate the greatest common factor of 16 and 6.
2
What is the greatest common divisor of 96 and 160?
32
Calculate the greatest common factor of 20 and 470.
10
What is the greatest common factor of 1737 and 386?
193
What is the highest common factor of 187 and 99?
11
What is the greatest common factor of 260 and 20?
20
What is the greatest common factor of 154 and 66?
22
Calculate the highest common divisor of 668 and 16867.
167
What is the highest common factor of 42 and 147?
21
What is the greatest common factor of 34826 and 22?
22
Calculate the greatest common divisor of 1260 and 63.
63
Calculate the highest common divisor of 76 and 817.
19
Calculate the greatest common factor of 105 and 483.
21
What is the greatest common divisor of 5888 and 322?
46
What is the highest common factor of 143 and 869?
11
What is the highest common divisor of 123 and 82?
41
What is the highest common factor of 32 and 32?
32
What is the greatest common divisor of 3252 and 9?
3
What is the greatest common divisor of 16247 and 77?
77
What is the greatest common factor of 1665 and 45?
45
What is the greatest common divisor of 86 and 4214?
86
What is the greatest common divisor of 47968 and 32?
32
Calculate the highest common factor of 120 and 330.
30
Calculate the highest common divisor of 352 and 11.
11
What is the highest common factor of 270 and 8478?
54
Calculate the highest common divisor of 12 and 588.
12
Calculate the highest common factor of 400 and 960.
80
Calculate the greatest common divisor of 18 and 202.
2
What is the highest common factor of 1241 and 731?
17
Calculate the greatest common divisor of 963 and 428.
107
Calculate the greatest common divisor of 8343 and 824.
103
Calculate the highest common factor of 126 and 900.
18
What is the greatest common factor of 182 and 14?
14
Calculate the greatest common divisor of 604 and 4.
4
Calculate the greatest common factor of 144 and 45.
9
Calculate the highest common divisor of 3 and 3.
3
What is the highest common divisor of 27 and 99?
9
What is the greatest common divisor of 162 and 48?
6
Calculate the highest common factor of 30 and 80.
10
What is the greatest common divisor of 114 and 8018?
38
What is the highest common factor of 350 and 950?
50
Calculate the highest common factor of 320 and 608.
32
Calculate the greatest common factor of 27 and 3.
3
Calculate the highest common factor of 2176 and 1496.
136
Calculate the highest common divisor of 68 and 17.
17
Calculate the highest common divisor of 13051 and 31.
31
What is the greatest common divisor of 5092 and 76?
76
What is the highest common divisor of 1270 and 10?
10
What is the highest common divisor of 9 and 25533?
9
Calculate the highest common factor of 29 and 58.
29
Calculate the highest common divisor of 243 and 3.
3
What is the greatest common factor of 322 and 92?
46
What is the greatest common divisor of 17 and 8?
1
What is the greatest common divisor of 44 and 484?
44
What is the greatest common factor of 5 and 205?
5
What is the greatest common factor of 564 and 1080?
12
What is the greatest common factor of 1095 and 30?
15
What is the highest common factor of 2 and 58?
2
What is the highest common divisor of 4 and 1016?
4
What is the highest common factor of 420 and 6258?
42
What is the highest common factor of 1140 and 608?
76
Calculate the highest common divisor of 16 and 504.
8
What is the highest common divisor of 11862 and 18?
18
Calculate the greatest common divisor of 1314 and 3.
3
Calculate the greatest common factor of 496 and 288.
16
What is the greatest common factor of 297 and 22?
11
Calculate the highest common factor of 1288 and 16.
8
What is the highest common divisor of 32 and 5?
1
What is the greatest common divisor of 32 and 3176?
8
What is the highest common divisor of 518 and 14?
14
What is the highest common factor of 24 and 306?
6
Calculate the highest common divisor of 889 and 7.
7
Calculate the highest common factor of 8 and 2580.
4
What is the highest common divisor of 90 and 70?
10
What is the greatest common factor of 660 and 75?
15
Calculate the greatest common divisor of 119 and 14.
7
What is the greatest common divisor of 249 and 166?
83
What is the greatest common factor of 36 and 276?
12
Calculate the highest common factor of 67 and 67.
67
What is the greatest common divisor of 112 and 16?
16
Calculate the highest common factor of 131 and 2227.
131
Calculate the highest common factor of 80 and 432.
16
Calculate the greatest common divisor of 39 and 624.
39
What is the greatest common factor of 14 and 357?
7
What is the highest common divisor of 5 and 160?
5
What is the greatest common divisor of 320 and 460?
20
What is the greatest common factor of 7 and 175?
7
Calculate the highest common divisor of 22 and 73238.
22
Calculate the highest common factor of 7465 and 15.
5
What is the highest common divisor of 189 and 98?
7
What is the highest common factor of 14 and 266?
14
What is the greatest common factor of 4617 and 95?
19
Calculate the greatest common diviso